
-4
Suppose -4*f = -6*f + 10. Let k(g) = 14*g**2 + 6*g + 7. Let d(o) = 3*o**2 + 2*o + 1. Let y(z) = -9*d(z) + 2*k(z). Calculate y(f).
0
Let n(b) be the third derivative of 0 + 6*b**2 + 0*b**3 + 0*b + 1/4*b**4. Let w(c) = c**2 - 4*c + 2. Let p be w(3). What is n(p)?
-6
Let s(n) be the first derivative of -7*n**3/3 - 40*n**2 + 42*n + 1736. Determine s(-12).
-6
Let i(q) = -60*q + 5. Suppose 0 = -43151*v + 43171*v - 20. Determine i(v).
-55
Let u(z) = -z**3 - 33*z**2 + 13. Let p be (24 - 21)/(9/(-99)). Determine u(p).
13
Let n be (0 - -1) + -5 - ((-2232)/12)/31. Let i(t) = -5*t**3 - t**2 - 4. What is i(n)?
-48
Let m(l) = -8 + 107 - l**2 + l + 5*l**2 - 101 - l**3. Suppose -8*z + 40 = 2*z. Give m(z).
2
Let d(a) be the third derivative of a**6/120 - 7*a**5/30 + 5*a**4/12 + 29*a**3/6 - 809*a**2. What is d(13)?
-10
Let j(o) = -4*o**2 - 3*o - 1. Let f(d) = -24*d + 163. Let h be f(7). Let l = 3 + h. What is j(l)?
-11
Let t(p) = 2 - 2*p**2 + 38*p - 44*p + 14. Let c be t(-8). Let s = c + 58. Let j(q) = q**2 + 4*q - 3. Give j(s).
9
Let g(u) = -6*u**2 - 6*u - 15. Let l = -200 - -199. Let n(y) = -y**2 - y. Let a(c) = l*g(c) + 5*n(c). Determine a(0).
15
Let f be (-19)/(-4) + (-6)/(-24). Let d(q) = -22*q**2 + 25*q - 11. Let l = -48 - -39. Let y(c) = 5*c**2 - 6*c + 3. Let m(p) = l*y(p) - 2*d(p). Give m(f).
-10
Let m(f) be the third derivative of 0*f**4 + 0*f - 1/60*f**5 - 2*f**2 + 0 + 5/2*f**3. Suppose -7*w + 12 = -4*u - 10*w, -u - 4*w - 16 = 0. Give m(u).
15
Let l(o) = o**3 - 18*o**2 - 18*o + 4. Let g be 152/2*(-176)/(-264)*3/8. Determine l(g).
23
Let o be 40/(-6)*(-18)/15. Let n be ((-2 + -3)/5)/((-1)/3). Let t(l) = 8*l**n + 13*l**3 - 9*l**2 + 8*l**3 - 28*l**3 - 6 + 6*l. Calculate t(o).
-22
Let j(s) be the third derivative of s**4/6 + 9*s**3/2 + s**2 - 2*s - 60. Calculate j(0).
27
Suppose 12*c + 1330 = 1402. Let t(g) = -3*g**2 + 18*g - 20. What is t(c)?
-20
Let f(x) = -x**2 - 26*x - 22. Let h be f(-25). Let z be ((-2)/(-4))/(h/468). Suppose -82*i = -z*i - 48. Let k(c) = -c + 16. What is k(i)?
4
Let y(o) = -o - 53. Suppose 10132 - 1207 = -255*g. Give y(g).
-18
Let i(g) = g**3 + 6*g**2 - 7*g - 6. Let z(s) = -s**3 - 25*s**2 - 48*s - 46. Let p be z(-23). Suppose -5*j - 55 = -5*h, 2*j + 3*h + 1 + 1 = p. Give i(j).
-6
Suppose -117*y + 688 = 2092. Let k(n) = n**3 + 13*n**2 + 25*n - 16. What is k(y)?
-172
Let v(q) = q**3 - 9*q**2 + 8*q - 3. Let l be v(8). Let d(k) be the second derivative of -2*k**2 - 16 + k - 2/3*k**3. Determine d(l).
8
Let b(y) = -6*y**2 + 20*y + 3. Suppose i = -3*t - 16, -8 = -i + 13*t - 10*t. Let s(j) = -5*j**2 + 18*j + 2. Let h(u) = i*b(u) + 5*s(u). Give h(9).
7
Suppose 4*u - 4 - 12 = 0. Suppose 24 - u = 4*t. Suppose -t = -6*b + 1. Let o(r) = 9*r**3 - r**2 + 2*r - 1. What is o(b)?
9
Let d(m) = 2 + m**3 + 17*m - 2 - 13*m + 2. Let n be d(0). Let r(t) = n*t**2 - 4*t**2 + 0*t**2 + 4*t + t**2. What is r(3)?
3
Let f(r) be the first derivative of r**4/4 - 2*r**3 + 7*r - 1. Suppose 3*s - 4*d - 17 - 42 = 0, 4*d + 46 = 2*s. Suppose -s*i = 8*i - 126. Calculate f(i).
7
Let n(s) = -16*s - 19. Let h(i) = -3*i - 2. Let g(j) = 10*h(j) - 2*n(j). Determine g(-13).
-8
Let z(b) = -b**2 - b + 38. Let j(t) = -t + 1. Let a(o) = -5*j(o) - z(o). Let q be a(-10). Let g(y) = -2*y**2 - 4*y - 3. Calculate g(q).
-9
Let n(p) = -4*p - 23 + 0 + 5*p + 3*p**2 - 4*p**2. Suppose 5*d = 3*c - 12, -2*d + 20 = 34*c - 29*c. Give n(d).
-23
Let v(k) = k**3 - 6*k**2 + 9*k. Let d be 8/(-6)*-2 - 10/(-150)*5. What is v(d)?
0
Let f(z) be the second derivative of -2*z**3/3 + 7*z**2/2 + 49*z - 3. Calculate f(-5).
27
Suppose 193*a - 1180 = 134*a. Let t(x) = 2*x**2 - 35*x + 3. Give t(a).
103
Let p(f) = -12*f**2 - 1. Let b(v) = 158*v + 315. Let k be b(-2). Give p(k).
-13
Let a(i) = 14*i**2 - 20*i - 21. Let z(r) = 2*r + 52. Let m be z(-23). Let l(y) = -5*y**2 + 7*y + 7. Let h(t) = m*a(t) + 17*l(t). Calculate h(0).
-7
Let h(u) = -183 + 4*u + 4*u + 186 - u**2. Let w = -23 + 23. Suppose w = -q, 0*j - 3*q - 16 = -2*j. What is h(j)?
3
Let r(u) = -17*u**2 - 18*u - 7. Let p(w) = 4*w**2 + 2*w. Let y(h) = 4*p(h) + r(h). Give y(-6).
17
Let a(g) = 3*g**2 - 33025*g + 3 - g**2 + 33041*g. What is a(-6)?
-21
Let o = -434 - -478. Let y = -39 + o. Let k(a) = -5*a + 5. Give k(y).
-20
Let n(g) = 4*g + 80. Let y(h) = -2*h - 32. Let r(d) = -5*n(d) - 12*y(d). Let x be r(4). Let q(j) = -j**3 - j**2 - j + 1. What is q(x)?
1
Let a(c) be the third derivative of -c**5/60 + c**4 - 65*c**3/3 + c**2 - 827*c. Give a(16).
-2
Let j(w) = -2*w + 8. Suppose 11*t + 285 = -46*t. Determine j(t).
18
Let o(d) = d**2 - 1 + 4*d**3 + 5*d**2 + 0*d - d. Let k(n) = -n**3 + n. Let s = -1656 + 1653. Let i(l) = s*k(l) - o(l). Determine i(-2).
-11
Let u(y) = -y + 10. Suppose 78 = -2*t + 96. Give u(t).
1
Let r(l) = -l**2 - 10*l - 24. Let w be r(-8). Let o(y) be the first derivative of -y**4/4 - 3*y**3 - 4*y**2 + 9*y + 16. Calculate o(w).
9
Let k(y) = 7*y**3 + 4*y**2 + 8*y + 26. Let f(n) = -30*n**3 - 17*n**2 - 31*n - 102. Let u(w) = -4*f(w) - 17*k(w). What is u(-4)?
-50
Suppose -3*s = 5*j, -2*j - 3*s = 2*s. Let l(o) = -23*o**2 - 9 + 8*o**2 + 11*o**2 - o - o**2 + 4*o**2. Calculate l(j).
-9
Suppose 0 = 2*s - 17 - 33. Suppose 4*g + s = 9*g. Let r(a) = -6*a**2 - 3 + g - 4 + 5*a**2. Give r(-3).
-11
Let q = 19 + -7. Let m(p) = q*p - 1 + 4*p**2 - 4*p - 5*p**2. Let o = -387 + 394. What is m(o)?
6
Let q be (7/2)/((12/66)/((-64)/(-176))). Let z(t) = 26*t - 228. Give z(q).
-46
Let s(r) be the third derivative of -r**4/3 - 17*r**3/2 - 3700*r**2 + 2. What is s(-4)?
-19
Let w be (21/(-9))/(((-3)/(-9))/(-1)). Suppose 2*g + 3*g - 135 = 0. Let l(v) = 22 - w*v - g + 5. Determine l(1).
-7
Let k(i) be the third derivative of i**5/60 - 5*i**4/12 + i**3 + 1700*i**2. What is k(8)?
-10
Let u(i) be the first derivative of i**4/4 - 5*i**3/3 - 11*i**2/2 + 8*i - 1063. Give u(7).
29
Let z = 67 - 20. Let r = -47 + z. Let x(f) be the first derivative of f**4/4 + f**3/3 - f**2/2 + 6*f + 13. Determine x(r).
6
Let x(h) = 43*h**3 - h**2 + 4*h - 4. Let c(q) = q**3 - 24*q**2 + 85*q - 1425. Let j be c(23). Calculate x(j).
42
Let w(l) = -l**3 - 4*l**2 + 6*l + 91. Let t(y) = -2*y**3 - 3*y**2 + 7*y + 137. Let v(g) = -2*t(g) + 3*w(g). Suppose z = 3*z - 10. Calculate v(z).
-6
Let f(p) = 33*p - 145. Let q be f(0). Let n = -146 - q. Let s(l) = -27*l**3 + 2*l**2 + 2*l + 1. Calculate s(n).
28
Let a(l) = 3*l**2 - 4*l + 8. Let z = 732 + -734. Let q(u) = 7*u**2 - 6*u + 17. Let k(v) = z*q(v) + 5*a(v). Let p be (-4)/((-6)/4 - -1). Give k(p).
6
Let r(b) be the first derivative of -15*b**2/2 - 11*b + 9667. What is r(-6)?
79
Suppose 0 = -0*q - q. Let r = q + 1. Let g(h) be the third derivative of -7*h**5/60 - h**4/12 + h**3/6 + 12055*h**2. What is g(r)?
-8
Let g(i) = -21 - 6 - 59666*i - 8 - 23 + 59675*i. Give g(7).
5
Let o(s) = -s**3 - 38*s**2 + 61*s + 861. Let c be o(-39). Let i(a) = 4*a**2 - 11*a + 2. Give i(c).
5
Let q(f) = 580*f**2 - 2*f - f**3 + 4 - 587*f**2 - 3. What is q(-4)?
-39
Let r(s) = 103*s + 99*s + 100*s + 1 - 414*s - 3*s**2 + 108*s. Determine r(-5).
-54
Let l(k) = -k**3 + 5*k**2 + 8*k - 5. Let h be 164/287*(-7)/2. Let w be h/(-5) - (-784)/140. Give l(w).
7
Suppose -35*s + 26*s + 3 + 69 = 0. Let z(d) = 47*d - 3 - 8 - 46*d. Give z(s).
-3
Let c(g) = 11*g**2 + 7*g - 6. Let m be c(4). Let r = m - 194. Let x(v) = v**3 - 2*v**2 - 7*v + 6. Give x(r).
10
Let j(s) = -s. Let w(i) = -3*i + 1. Suppose -15 = 3*v - 0*v - 4*t, 13 = -v + 4*t. Let a(q) = v*w(q) + 2*j(q). Suppose 30 = 3*b + 2*b. Determine a(b).
5
Let n = -63 - -82. Let z(h) = -7 - 5 - 39*h + 52*h - n - h**2. Let k be z(9). Let c(q) = q**2 - 7*q. What is c(k)?
-10
Let c(i) = 0*i - i**2 + 2*i + 2*i + 6. Let z(o) = -18*o**3 + o**2 + 6*o + 5. Let l be z(-1). Suppose -l*p + 17*p + 5 = 0. Calculate c(p).
1
Let j(f) = -3*f - 56. Let y be j(-19). Let g be 598/138 + (y - 4/3). Let h(n) = -g*n + 1 + 2*n**2 + 2 - 469*n**3 + 470*n**3. Give h(2).
11
Let q(n) = 3*n**3 + 69*n**2 - 49*n - 1. Let h(b) = -b**3 - 24*b**2 + 18*b + 1. Let v(f) = 17*h(f) + 6*q(f). Calculate v(-5).
-24
Let j be (-22)/44 - (30/4)/(-3). Let r(y) = j*y - 16 + 17 + 11. Give r(-6).
0
Let q(t) = t**2 - 21*t + 110. Let r be q(12). Let g(d) = -7*d**2 - 4*d**2 - 3 + 10*d**r + 0 - 14*d + 8*d. Determine g(-4).
5
Let f(g) be the second derivative of g**4/4 + 4*g**3/3 + g**2/2 + 972*g - 2. D